multiple of 315?
False
Is 167 a factor of 74093?
False
Is 329556 a multiple of 58?
True
Is 174 a factor of 11667?
False
Is 18498466 a multiple of 7?
True
Is 1165450 a multiple of 383?
False
Is 246 a factor of 2157420?
True
Is 159 a factor of 192734?
False
Is 125 a factor of 422586?
False
Is 14 a factor of 84224?
True
Is 48 a factor of 66864?
True
Is 21 a factor of 15520?
False
Does 63 divide 634470?
False
Is 113 a factor of 85767?
True
Is 286 a factor of 266345?
False
Is 116 a factor of 253228?
True
Does 16 divide 16348286?
False
Is 72527 a multiple of 13?
True
Is 38 a factor of 50350?
True
Is 5 a factor of 489915?
True
Does 90 divide 75870?
True
Is 339154 a multiple of 512?
False
Does 21 divide 92148?
True
Is 1612 a factor of 2361869?
False
Is 3735896 a multiple of 4?
True
Is 47 a factor of 67200?
False
Is 3404304 a multiple of 144?
True
Does 22 divide 176106?
False
Does 6 divide 713415?
False
Is 4 a factor of 110196?
True
Does 28 divide 52502?
False
Is 11081 a multiple of 102?
False
Is 143 a factor of 1139794?
False
Is 7 a factor of 1188047?
True
Is 17 a factor of 1196205?
True
Is 31 a factor of 86265?
False
Is 829 a factor of 551500?
False
Does 74 divide 21857753?
False
Does 1294 divide 20884096?
False
Is 146905 a multiple of 4?
False
Is 7 a factor of 4981828?
False
Is 529 a factor of 12880621?
True
Is 241 a factor of 1439011?
True
Is 509 a factor of 206145?
True
Is 187896 a multiple of 124?
False
Is 5865908 a multiple of 294?
False
Is 63 a factor of 5840604?
True
Is 2451707 a multiple of 7?
False
Is 31 a factor of 95480?
True
Is 1001 a factor of 2689929?
False
Is 11 a factor of 6181087?
True
Is 6 a factor of 240834?
True
Does 8 divide 2230?
False
Is 6594448 a multiple of 1280?
False
Is 263879 a multiple of 253?
True
Is 10 a factor of 296514?
False
Does 2287 divide 10064354?
False
Is 996905 a multiple of 65?
True
Is 74 a factor of 44922?
False
Does 55 divide 4005760?
True
Does 851 divide 703777?
True
Does 23 divide 293043?
True
Is 1012980 a multiple of 15?
True
Is 283556 a multiple of 125?
False
Is 442 a factor of 5097772?
False
Is 16 a factor of 248480?
True
Is 1147425 a multiple of 25?
True
Is 144 a factor of 1985035?
False
Is 877496 a multiple of 75?
False
Is 542294 a multiple of 69?
False
Is 5576574 a multiple of 71?
False
Is 36 a factor of 10329517?
False
Does 49 divide 532412?
False
Is 527367 a multiple of 3?
True
Is 31 a factor of 181292?
False
Does 161 divide 672179?
False
Is 32 a factor of 473536?
True
Is 568 a factor of 444176?
True
Is 31207 a multiple of 157?
False
Does 15 divide 201657?
False
Is 1269513 a multiple of 63?
True
Is 12682821 a multiple of 69?
True
Is 10 a factor of 22830?
True
Is 2263470 a multiple of 57?
True
Does 760 divide 5548000?
True
Is 155 a factor of 754213?
False
Does 11 divide 94588?
False
Is 3019023 a multiple of 277?
True
Is 4 a factor of 320855?
False
Is 8850201 a multiple of 131?
False
Does 84 divide 12180?
True
Is 101 a factor of 734071?
False
Is 13732212 a multiple of 13?
True
Does 189 divide 9878912?
False
Does 14 divide 117010?
False
Does 29 divide 5104725?
True
Is 117 a factor of 50408?
False
Is 176 a factor of 3982000?
True
Is 399233 a multiple of 41?
False
Is 136908 a multiple of 6?
True
Is 7 a factor of 78358?
True
Does 53 divide 1897453?
True
Is 5 a factor of 17275?
True
Does 245 divide 90895?
True
Is 409431 a multiple of 719?
False
Does 5 divide 13378?
False
Does 24 divide 1148701?
False
Is 31 a factor of 70330?
False
Is 93 a factor of 148800?
True
Is 9 a factor of 144485?
False
Is 1911690 a multiple of 30?
True
Is 496639 a multiple of 23?
True
Is 1146072 a multiple of 636?
True
Does 40 divide 83920?
True
Is 41 a factor of 134726?
True
Does 116 divide 233095?
False
Is 6 a factor of 47502?
True
Is 17 a factor of 5730052?
False
Is 393 a factor of 50645?
False
Does 198 divide 290995?
False
Does 482 divide 1288386?
True
Does 9 divide 485919?
True
Is 83160 a multiple of 56?
True
Is 18686451 a multiple of 17?
True
Is 137 a factor of 29015?
False
Is 100188 a multiple of 66?
True
Does 766 divide 374574?
True
Is 31893354 a multiple of 423?
True
Is 1275403 a multiple of 22?
False
Is 518708 a multiple of 1915?
False
Is 72 a factor of 484704?
True
Is 961932 a multiple of 114?
True
Is 26 a factor of 6168084?
True
Does 17 divide 1747932?
False
Does 298 divide 3092942?
True
Does 162 divide 1026270?
True
Does 12 divide 7308759?
False
Does 33 divide 156552?
True
Is 22 a factor of 115645?
False
Does 53 divide 1749477?
True
Is 1202461 a multiple of 519?
False
Does 107 divide 69553?
False
Is 198308 a multiple of 11?
True
Does 277 divide 389648?
False
Is 2031024 a multiple of 272?
True
Does 7 divide 6699?
True
Is 15 a factor of 91335?
True
Is 1659631 a multiple of 773?
True
Does 19 divide 179417?
True
Is 13 a factor of 281645?
True
Is 5803789 a multiple of 31?
True
Does 6 divide 33539?
False
Does 117 divide 950274?
True
Does 41 divide 47694?
False
Is 153 a factor of 192489?
False
Is 2135822 a multiple of 14?
False
Is 328 a factor of 56680?
False
Is 243425 a multiple of 25?
True
Is 77 a factor of 10977120?
True
Is 133 a factor of 971718?
False
Is 221 a factor of 27664?
False
Does 57 divide 11417703?
False
Is 26 a factor of 481390?
True
Is 2270824 a multiple of 163?
False
Does 422 divide 1311576?
True
Is 7454976 a multiple of 544?
True
Does 5 divide 54629?
False
Is 9386553 a multiple of 69?
True
Is 12 a factor of 205655?
False
Is 416724 a multiple of 246?
True
Is 47 a factor of 80088?
True
Is 4753161 a multiple of 21?
True
Is 13 a factor of 1138293?
True
Does 6 divide 205513?
False
Does 15 divide 133890?
True
Does 189 divide 26082?
True
Does 34 divide 2527351?
False
Is 722 a factor of 4601769?
False
Does 621 divide 8889300?
False
Is 16 a factor of 1177993?
False
Does 192 divide 1175424?
True
Is 805608 a multiple of 603?
True
Does 646 divide 240120?
False
Does 78 divide 28902042?
True
Is 46 a factor of 513084?
True
Does 21 divide 9568019?
False
Does 69 divide 113612?
False
Is 2044218 a multiple of 141?
True
Is 3 a factor of 160698?
True
Is 41 a factor of 575225?
False
Does 3 divide 27923?
False
Is 129536 a multiple of 128?
True
Is 77 a factor of 118854?
False
Is 38 a factor of 98543?
False
Is 35 a factor of 1367445?
False
Does 7 divide 505447?
False
Does 12 divide 1476700?
False
Is 73 a factor of 1513556?
False
Does 16 divide 1541760?
True
Is 94459 a multiple of 3?
False
Is 604821 a multiple of 21?
True
Does 312 divide 12432114?
False
Does 834 divide 2801067?
False
Does 296 divide 267584?
True
Is 47537 a multiple of 329?
False
Does 13 divide 9446?
False
Is 70 a factor of 350130?
False
Is 12225 a multiple of 13?
False
Is 108 a factor of 2716049?
False
Does 35 divide 5010180?
True
Is 156 a factor of 1290474?
False
Is 96336 a multiple of 4?
True
Does 2 divide 24113?
False
Does 8 divide 558472?
True
Does 2 divide 5791?
False
Is 115 a factor of 472075?
True
Is 1086675 a multiple of 102?
False
Is 180625 a multiple of 157?
False
Is 12 a factor of 2653188?
True
Is 39 a factor of 7175552?
False
Is 314 a factor of 1506533?
False
Does 135 divide 281610?
True
Is 295 a factor of 998178?
False
Does 901 divide 5606157?
False
Does 325 divide 2943160?
False
Does 61 divide 324154?
True
Is 7277350 a multiple of 41?
False
Does 514 divide 1858524?
False
Does 115 divide 183770?
True
Does 409 divide 683439?
True
Is 45 a factor of 16703?
False
Is 238464 a multiple of 12?
True
Is 291263 a multiple of 4?
False
Does 1404 divide 12645290?
False
Is 65 a factor of 321945?
True
Is 27 a factor of 827771?
False
Does 24 divide 456048?
True
Does 149 divide 116964?
False
Does 240 divide 1546107?
False
Is 509202 a multiple of 18?
True
Is 1570 a factor of 8470150?
True
Does 2 divide 443?
False
Is 15 a factor of 396915?
True
Is 7027824 a multiple of 12?
True
Is 752 a factor of 10591920?
True
Is 573775 a multiple of 25?
True
Is 30 a factor of 592774?
False
Is 108945 a multiple of 81?
True
Does 38 divide 1324503?
False
Is 16 a factor of 664?
False
Is 397992 a multiple of 23?
True
Is 158 a factor of 151048?
True
Does 105 divide 8400?
True
Does 69 divide 1056459?
True
Is 1402 a multiple of 4?
False
Is 53 a factor of 65190?
True
Is 212 a factor of 94764?
True
Does 17 divide 2195958?
True
Does 274 divide 153106?
False
Does 22 divide 101860?
True
Is 252 a 